se 5*l - 81 = 5*w + 874, 0 = -2*w - 8. Calculate the remainder when l is divided by 47.
46
Suppose -5*m + 5*z + 171 = -44, m - 47 = -z. Calculate the remainder when 1000 is divided by m.
10
Calculate the remainder when 797 is divided by -4 - 130/(1 - 11).
5
Let m = 14570 - 13877. Calculate the remainder when m is divided by 237.
219
Let h(x) = 12*x**2 + 222*x - 70. Calculate the remainder when h(-19) is divided by 3.
2
Let s = 10296 + -6661. What is the remainder when s is divided by 17?
14
Let n be (-5034)/(-30) - 3/(-15). Suppose 2*k - 2*b = n, -3*b + 21 + 287 = 4*k. Calculate the remainder when k is divided by 17.
12
Let w(h) = -h**3 + h**2 - h + 20. What is the remainder when (39/(-65))/(3 + 1728/(-575)) is divided by w(0)?
15
Let d(k) = k**3 - 7*k**2 + 2*k - 4. Let a = -12573 + 12598. What is the remainder when a is divided by d(7)?
5
Calculate the remainder when 7326 is divided by (320/(-25))/(10/(-25)).
30
Let c(x) = 28*x + 1530. Calculate the remainder when 361 is divided by c(-51).
55
Suppose 7*m - 1069 - 1640 = 0. Suppose -8*c = -13 - 91. Calculate the remainder when m is divided by c.
10
Let d = 37 + 159. Let l = 2465 + -2454. Calculate the remainder when d is divided by l.
9
Let h(b) = 643*b - 1127. What is the remainder when 2860 is divided by h(2)?
157
Let g(x) = 36*x - 1. Let k be g(1). Let u = k + -24. What is the remainder when u is divided by 9 + -2 + 0/(-2)?
4
Let g = 7642 + 2561. Calculate the remainder when g is divided by 12.
3
Let z(c) = 833*c + 8342. Let b = 70 - 19. What is the remainder when b is divided by z(-10)?
3
Let p(s) = s**2 - 7*s - 203. Calculate the remainder when p(-19) is divided by 21.
18
Calculate the remainder when ((-144)/5 - (6 + -3 + -5))*-15 is divided by 45.
42
Suppose -2*f + 18 = 2. What is the remainder when (273/260 + (-1)/4)*1770/12 is divided by f?
6
Let v = -1926 + 1936. What is the remainder when 219 is divided by v?
9
Let l(z) = 594*z + 2487. Calculate the remainder when 275 is divided by l(-4).
53
Let g(d) = 42*d - 69. Let k be g(6). Let i = k + -158. What is the remainder when i is divided by 10?
5
Suppose -346 = -3*l + z, -10 = -2*z - 6. What is the remainder when 253 is divided by l?
21
Suppose j = -4*x + 319 + 153, 0 = -x + 5*j + 97. Suppose 113*t = x*t - 1176. What is the remainder when t is divided by 60?
54
Suppose -53*g + 9085 = -3953. What is the remainder when 848 is divided by g?
110
Suppose 5*s - s - 544 = 0. Calculate the remainder when s is divided by 35 - (-6 - -2) - -8.
42
Suppose 72 + 18 = 3*i. What is the remainder when i is divided by (2 - 1)*(13/117)/(292/144 - 2)?
2
Let g be (-2)/4 - (-98)/4. Suppose -j - 8 + g = 0. What is the remainder when 597/24 + (299/104)/23 is divided by j?
9
What is the remainder when 4770 is divided by 1 + (36/(-21))/((-42)/735)?
27
Let k(i) = 35*i + 5. Let r = 5 - 7. Let y be k(r). What is the remainder when 42 is divided by (-50)/(-4)*(-78)/y?
12
Let o be 1768/(-16)*(3 + -1). Let b = -180 - o. Calculate the remainder when b is divided by 9.
5
Let r(i) = -1488*i + 10483. Calculate the remainder when r(6) is divided by 9.
7
Suppose 3*t + 102 = 4*v + 42, 3*v - 50 = t. Calculate the remainder when 7574 is divided by v.
14
Suppose -80*o - 4914 + 1209 = -275*o. Suppose 0 = -t - 2*t + 12. Calculate the remainder when o is divided by t.
3
Let n(d) = d**3 - d**2 - 43*d + 9. Calculate the remainder when 1437 is divided by n(-6).
12
Let j(o) = -o**2 + 9*o + 74. Let g be j(14). Suppose -g*v - 288 = -1188. Calculate the remainder when v is divided by 38.
35
Let i = -6419 - -6660. What is the remainder when i is divided by 182?
59
Let r(p) = -2*p + 27. Let i be r(11). Suppose 0 = -8*j + i*j + 369. Calculate the remainder when j is divided by (-4)/(-18) - (-3760)/90.
39
Let d = -33 + 52. Let m = 74756 - 74750. Calculate the remainder when d is divided by m.
1
Let k = 50 - 24. Let d = -387 - -646. What is the remainder when d is divided by k?
25
Let z be 32/14 + (-8)/28. Suppose 0 = -3*x + 10*x - 112. Calculate the remainder when x is divided by (1/((-3)/(12/z)))/(-1).
0
Let y(m) be the third derivative of m**4/3 - m**3/2 - 66*m**2 - 3. Let b = 0 - -2. What is the remainder when y(b) is divided by 8?
5
Suppose 103402 + 40648 = 134*z. Calculate the remainder when z is divided by 338.
61
Let o(u) = -u**3 + 6*u + 7. Calculate the remainder when o(-6) is divided by 35.
12
Suppose 5*a = a + 84. Suppose -a = -3*m - 9. Suppose -m*q = -y - 67, -5*q + 2*y = -2*q - 44. What is the remainder when 53 is divided by q?
17
What is the remainder when (2827/(-10280) - (-1)/(-10)) + (-6147)/(-8) is divided by 120?
48
Suppose -33*m + 5*m - 31*m + 62481 = 0. Calculate the remainder when 1091 is divided by m.
32
What is the remainder when 2631 is divided by (3/18)/(11/22) - 562/(-6)?
93
Suppose -587 - 301 = 6*w. Let i = w - -208. Calculate the remainder when 299 is divided by i.
59
Suppose -2*l = q - 36 - 8, 5*l + 5*q = 110. Let n be (-4)/(-14) + (-72)/(-42) + 13. What is the remainder when ((-15)/(-3) + n)*(1 + 2) is divided by l?
16
Suppose 50*u - 68608 = 34*u. Calculate the remainder when u is divided by 39.
37
Suppose -t - l = -263, 0 = -19*t + 16*t + 5*l + 789. What is the remainder when 1366 is divided by t?
51
Let u(q) = -68*q + 3026. What is the remainder when 1776 is divided by u(36)?
42
Let m(l) = -195*l**3 - 12*l**2 - 13*l - 2. Calculate the remainder when m(-1) is divided by 29.
20
Let b = -327 - -327. Suppose 4*w - 2*l - 40 = b, -w = 3*w + 2*l - 48. Calculate the remainder when 72 is divided by w.
6
Suppose 0 = -d - 5*v + 52, 5*d - 3*v = -v + 287. What is the remainder when d is divided by 3 + 0 + (-372)/(-12)?
23
Let r be -3*(-86)/(-9)*(-45)/3. Let i be (-2 - r)/(-3) - -2. Suppose 4*o + 2*g - i = 0, -5*g - 49 - 90 = -4*o. What is the remainder when 141 is divided by o?
33
Suppose -2*f + 0 + 86 = 0. Let b = -54 + f. Let q = 1 - b. What is the remainder when 34 is divided by q?
10
Let s(l) = -10*l**2 - 4*l**2 + 3*l**2 - 2*l**3 + 9*l + 7*l**2 + l**2 + 14. Calculate the remainder when 173 is divided by s(-4).
57
Let g = 109 + 63. Let w = g + -46. What is the remainder when w is divided by 32?
30
Let o be (-328)/(-20) + -3 - 2/5. Let j(x) = 7*x**2 - 10*x - 18. Let k be j(o). Suppose 11*v - k = -4*v. What is the remainder when v is divided by 35?
34
Let c(n) be the second derivative of n**4/12 + 7*n**3/6 - 3*n**2 - 26*n. Let p be c(-8). Calculate the remainder when 67 is divided by 13 + (p - (-8)/4).
16
Suppose -2*x = 8, -2*g + 39*x - 36*x = -816. What is the remainder when g is divided by 7?
3
What is the remainder when 0 - (3 - 1) - (-5445)/220*24 is divided by 18?
16
Let v = 390 + -246. What is the remainder when 191 is divided by v?
47
Suppose -4*h = -l - 1212, 1232 = 3*h + h + 4*l. Calculate the remainder when h is divided by 127.
50
Let a be -8 + 1 + 3 + 79. Let u = -66 + a. Calculate the remainder when 99 is divided by 2 + -3 - (u/3 + -24).
19
Suppose -q + 2*w = 62, -2*w + 2 = -0. Calculate the remainder when (12/18)/(2/177) is divided by ((-1)/(-3 + 4))/(4/q).
14
Suppose -141 = -3*k - 2*x, 19*x - 16*x - 9 = 0. What is the remainder when 2149 is divided by k?
34
Suppose 4*o - 11*c + 9*c - 18 = 0, 12 = 3*o - c. Suppose -o*h + 6 = 0, -3*z - 115 = 2*h - 332. What is the remainder when z is divided by 23?
2
Let n(m) = -m**2 - 3*m + 337. Calculate the remainder when n(-18) is divided by 12.
7
Suppose -1276*r + 1269*r + 3528 = 0. What is the remainder when r is divided by 159?
27
Let i(g) = -283*g**3 - 4*g**2 - 12*g - 7. What is the remainder when i(-1) is divided by 94?
2
Suppose -5*u - 4*n + 328 = 0, -3*u - 14*n = -13*n - 194. Calculate the remainder when 957 is divided by u.
61
Suppose 0 = z - 2*x - 1348, -3*z + 4035 = -55*x + 58*x. What is the remainder when z is divided by 30?
26
Suppose 132*g = 108*g + 2808. Calculate the remainder when g is divided by 9 + (1 + -4)/(-3).
7
Suppose 151*c = -52*c - 86*c + 48552. Let k = -10 - -44. Calculate the remainder when c is divided by k.
32
Let p = 529 - 378. Let d = p - 60. Calculate the remainder when 1*d/7 + 1 + 2 is divided by 6.
4
Suppose -y + 3*z = -24, 3*y - 4*z = 12 + 70. Suppose 0 = 2*w - t - 235, 5*t = -4*w + 10*t + 485. What is the remainder when w is divided by y?
25
Let p = -10 - -4. Let i = 50 + p. Calcula